{"id":37,"date":"2026-02-10T18:26:38","date_gmt":"2026-02-10T18:26:38","guid":{"rendered":"https:\/\/cada-umontreal.com\/?page_id=37"},"modified":"2026-02-25T01:42:44","modified_gmt":"2026-02-25T01:42:44","slug":"lien-zoom","status":"publish","type":"page","link":"https:\/\/cada-umontreal.com\/?page_id=37","title":{"rendered":"Lien ZOOM"},"content":{"rendered":"\n<p>L&#8217;\u00e9dition 2026 sera en mode hybride. Toutes les pr\u00e9sentations seront disponibles sur Zoom, toujours avec le m\u00eame lien \u00e0 la m\u00eame salle Zoom. <br><br>Cliquez ici:<br><strong><a href=\"https:\/\/umontreal.zoom.us\/j\/87637285935?pwd=thqriswW1cfPUTVIdmCjgGpKjUOEvP.1\">LIEN ZOOM<\/a><br><\/strong><br><strong>ID de r\u00e9union : 876 3728 5935<br>Code secret : 403778<\/strong><br><br>Le colloque se d\u00e9roulera aussi en pr\u00e9sentiel dans la salle C-3061 du Pavillon Lionel-Groulx, Universit\u00e9 de Montr\u00e9al.<\/p>\n","protected":false},"excerpt":{"rendered":"<p>L&#8217;\u00e9dition 2026 sera en mode hybride. Toutes les pr\u00e9sentations seront disponibles sur Zoom, toujours avec le m\u00eame lien \u00e0 la m\u00eame salle Zoom. Cliquez ici:LIEN ZOOMID de r\u00e9union : 876 3728 5935Code secret : 403778 Le colloque se d\u00e9roulera aussi en pr\u00e9sentiel dans la salle C-3061 du Pavillon Lionel-Groulx, Universit\u00e9 de Montr\u00e9al.<\/p>\n","protected":false},"author":1,"featured_media":0,"parent":0,"menu_order":0,"comment_status":"closed","ping_status":"closed","template":"","meta":{"footnotes":""},"class_list":["post-37","page","type-page","status-publish","hentry"],"yoast_head":"<!-- This site is optimized with the Yoast SEO plugin v27.5 - https:\/\/yoast.com\/product\/yoast-seo-wordpress\/ -->\n<title>Lien ZOOM - CADA<\/title>\n<meta name=\"robots\" content=\"index, follow, max-snippet:-1, max-image-preview:large, max-video-preview:-1\" \/>\n<link rel=\"canonical\" href=\"https:\/\/cada-umontreal.com\/?page_id=37\" \/>\n<meta property=\"og:locale\" content=\"en_US\" \/>\n<meta property=\"og:type\" content=\"article\" \/>\n<meta property=\"og:title\" content=\"Lien ZOOM - CADA\" \/>\n<meta property=\"og:description\" content=\"L&#8217;\u00e9dition 2026 sera en mode hybride. Toutes les pr\u00e9sentations seront disponibles sur Zoom, toujours avec le m\u00eame lien \u00e0 la m\u00eame salle Zoom. Cliquez ici:LIEN ZOOMID de r\u00e9union : 876 3728 5935Code secret : 403778 Le colloque se d\u00e9roulera aussi en pr\u00e9sentiel dans la salle C-3061 du Pavillon Lionel-Groulx, Universit\u00e9 de Montr\u00e9al.\" \/>\n<meta property=\"og:url\" content=\"https:\/\/cada-umontreal.com\/?page_id=37\" \/>\n<meta property=\"og:site_name\" content=\"CADA\" \/>\n<meta property=\"article:modified_time\" content=\"2026-02-25T01:42:44+00:00\" \/>\n<meta name=\"twitter:card\" content=\"summary_large_image\" \/>\n<meta name=\"twitter:label1\" content=\"Est. reading time\" \/>\n\t<meta name=\"twitter:data1\" content=\"1 minute\" \/>\n<script type=\"application\/ld+json\" class=\"yoast-schema-graph\">{\"@context\":\"https:\\\/\\\/schema.org\",\"@graph\":[{\"@type\":\"WebPage\",\"@id\":\"https:\\\/\\\/cada-umontreal.com\\\/?page_id=37\",\"url\":\"https:\\\/\\\/cada-umontreal.com\\\/?page_id=37\",\"name\":\"Lien ZOOM - CADA\",\"isPartOf\":{\"@id\":\"https:\\\/\\\/cada-umontreal.com\\\/#website\"},\"datePublished\":\"2026-02-10T18:26:38+00:00\",\"dateModified\":\"2026-02-25T01:42:44+00:00\",\"breadcrumb\":{\"@id\":\"https:\\\/\\\/cada-umontreal.com\\\/?page_id=37#breadcrumb\"},\"inLanguage\":\"en-US\",\"potentialAction\":[{\"@type\":\"ReadAction\",\"target\":[\"https:\\\/\\\/cada-umontreal.com\\\/?page_id=37\"]}]},{\"@type\":\"BreadcrumbList\",\"@id\":\"https:\\\/\\\/cada-umontreal.com\\\/?page_id=37#breadcrumb\",\"itemListElement\":[{\"@type\":\"ListItem\",\"position\":1,\"name\":\"Accueil\",\"item\":\"https:\\\/\\\/cada-umontreal.com\\\/\"},{\"@type\":\"ListItem\",\"position\":2,\"name\":\"Lien ZOOM\"}]},{\"@type\":\"WebSite\",\"@id\":\"https:\\\/\\\/cada-umontreal.com\\\/#website\",\"url\":\"https:\\\/\\\/cada-umontreal.com\\\/\",\"name\":\"CADA\",\"description\":\"Le Colloque annuel du D\u00e9partement d\u2019anthropologie de l\u2019UdeM (CADA)\",\"publisher\":{\"@id\":\"https:\\\/\\\/cada-umontreal.com\\\/#organization\"},\"potentialAction\":[{\"@type\":\"SearchAction\",\"target\":{\"@type\":\"EntryPoint\",\"urlTemplate\":\"https:\\\/\\\/cada-umontreal.com\\\/?s={search_term_string}\"},\"query-input\":{\"@type\":\"PropertyValueSpecification\",\"valueRequired\":true,\"valueName\":\"search_term_string\"}}],\"inLanguage\":\"en-US\"},{\"@type\":\"Organization\",\"@id\":\"https:\\\/\\\/cada-umontreal.com\\\/#organization\",\"name\":\"CADA\",\"url\":\"https:\\\/\\\/cada-umontreal.com\\\/\",\"logo\":{\"@type\":\"ImageObject\",\"inLanguage\":\"en-US\",\"@id\":\"https:\\\/\\\/cada-umontreal.com\\\/#\\\/schema\\\/logo\\\/image\\\/\",\"url\":\"https:\\\/\\\/cada-umontreal.com\\\/wp-content\\\/uploads\\\/2026\\\/02\\\/CADA-logo.png\",\"contentUrl\":\"https:\\\/\\\/cada-umontreal.com\\\/wp-content\\\/uploads\\\/2026\\\/02\\\/CADA-logo.png\",\"width\":400,\"height\":400,\"caption\":\"CADA\"},\"image\":{\"@id\":\"https:\\\/\\\/cada-umontreal.com\\\/#\\\/schema\\\/logo\\\/image\\\/\"}}]}<\/script>\n<!-- \/ Yoast SEO plugin. -->","yoast_head_json":{"title":"Lien ZOOM - CADA","robots":{"index":"index","follow":"follow","max-snippet":"max-snippet:-1","max-image-preview":"max-image-preview:large","max-video-preview":"max-video-preview:-1"},"canonical":"https:\/\/cada-umontreal.com\/?page_id=37","og_locale":"en_US","og_type":"article","og_title":"Lien ZOOM - CADA","og_description":"L&#8217;\u00e9dition 2026 sera en mode hybride. Toutes les pr\u00e9sentations seront disponibles sur Zoom, toujours avec le m\u00eame lien \u00e0 la m\u00eame salle Zoom. Cliquez ici:LIEN ZOOMID de r\u00e9union : 876 3728 5935Code secret : 403778 Le colloque se d\u00e9roulera aussi en pr\u00e9sentiel dans la salle C-3061 du Pavillon Lionel-Groulx, Universit\u00e9 de Montr\u00e9al.","og_url":"https:\/\/cada-umontreal.com\/?page_id=37","og_site_name":"CADA","article_modified_time":"2026-02-25T01:42:44+00:00","twitter_card":"summary_large_image","twitter_misc":{"Est. reading time":"1 minute"},"schema":{"@context":"https:\/\/schema.org","@graph":[{"@type":"WebPage","@id":"https:\/\/cada-umontreal.com\/?page_id=37","url":"https:\/\/cada-umontreal.com\/?page_id=37","name":"Lien ZOOM - CADA","isPartOf":{"@id":"https:\/\/cada-umontreal.com\/#website"},"datePublished":"2026-02-10T18:26:38+00:00","dateModified":"2026-02-25T01:42:44+00:00","breadcrumb":{"@id":"https:\/\/cada-umontreal.com\/?page_id=37#breadcrumb"},"inLanguage":"en-US","potentialAction":[{"@type":"ReadAction","target":["https:\/\/cada-umontreal.com\/?page_id=37"]}]},{"@type":"BreadcrumbList","@id":"https:\/\/cada-umontreal.com\/?page_id=37#breadcrumb","itemListElement":[{"@type":"ListItem","position":1,"name":"Accueil","item":"https:\/\/cada-umontreal.com\/"},{"@type":"ListItem","position":2,"name":"Lien ZOOM"}]},{"@type":"WebSite","@id":"https:\/\/cada-umontreal.com\/#website","url":"https:\/\/cada-umontreal.com\/","name":"CADA","description":"Le Colloque annuel du D\u00e9partement d\u2019anthropologie de l\u2019UdeM (CADA)","publisher":{"@id":"https:\/\/cada-umontreal.com\/#organization"},"potentialAction":[{"@type":"SearchAction","target":{"@type":"EntryPoint","urlTemplate":"https:\/\/cada-umontreal.com\/?s={search_term_string}"},"query-input":{"@type":"PropertyValueSpecification","valueRequired":true,"valueName":"search_term_string"}}],"inLanguage":"en-US"},{"@type":"Organization","@id":"https:\/\/cada-umontreal.com\/#organization","name":"CADA","url":"https:\/\/cada-umontreal.com\/","logo":{"@type":"ImageObject","inLanguage":"en-US","@id":"https:\/\/cada-umontreal.com\/#\/schema\/logo\/image\/","url":"https:\/\/cada-umontreal.com\/wp-content\/uploads\/2026\/02\/CADA-logo.png","contentUrl":"https:\/\/cada-umontreal.com\/wp-content\/uploads\/2026\/02\/CADA-logo.png","width":400,"height":400,"caption":"CADA"},"image":{"@id":"https:\/\/cada-umontreal.com\/#\/schema\/logo\/image\/"}}]}},"_links":{"self":[{"href":"https:\/\/cada-umontreal.com\/index.php?rest_route=\/wp\/v2\/pages\/37","targetHints":{"allow":["GET"]}}],"collection":[{"href":"https:\/\/cada-umontreal.com\/index.php?rest_route=\/wp\/v2\/pages"}],"about":[{"href":"https:\/\/cada-umontreal.com\/index.php?rest_route=\/wp\/v2\/types\/page"}],"author":[{"embeddable":true,"href":"https:\/\/cada-umontreal.com\/index.php?rest_route=\/wp\/v2\/users\/1"}],"replies":[{"embeddable":true,"href":"https:\/\/cada-umontreal.com\/index.php?rest_route=%2Fwp%2Fv2%2Fcomments&post=37"}],"version-history":[{"count":3,"href":"https:\/\/cada-umontreal.com\/index.php?rest_route=\/wp\/v2\/pages\/37\/revisions"}],"predecessor-version":[{"id":72,"href":"https:\/\/cada-umontreal.com\/index.php?rest_route=\/wp\/v2\/pages\/37\/revisions\/72"}],"wp:attachment":[{"href":"https:\/\/cada-umontreal.com\/index.php?rest_route=%2Fwp%2Fv2%2Fmedia&parent=37"}],"curies":[{"name":"wp","href":"https:\/\/api.w.org\/{rel}","templated":true}]}}

<p>L&#8217;édition 2026 sera en mode hybride. Toutes les présentations seront disponibles sur Zoom, toujours avec le même lien à la même salle Zoom. <br><br>Cliquez ici:<br><strong><a href="https://umontreal.zoom.us/j/87637285935?pwd=thqriswW1cfPUTVIdmCjgGpKjUOEvP.1">LIEN ZOOM</a><br></strong><br><strong>ID de réunion : 876 3728 5935<br>Code secret : 403778</strong><br><br>Le colloque se déroulera aussi en présentiel dans la salle C-3061 du Pavillon Lionel-Groulx, Université de Montréal.</p>

<p>L&#8217;édition 2026 sera en mode hybride. Toutes les présentations seront disponibles sur Zoom, toujours avec le même lien à la même salle Zoom. Cliquez ici:LIEN ZOOMID de réunion : 876 3728 5935Code secret : 403778 Le colloque se déroulera aussi en présentiel dans la salle C-3061 du Pavillon Lionel-Groulx, Université de Montréal.</p>

<!-- This site is optimized with the Yoast SEO plugin v27.5 - https://yoast.com/product/yoast-seo-wordpress/ -->
<title>Lien ZOOM - CADA</title>
<meta name="robots" content="index, follow, max-snippet:-1, max-image-preview:large, max-video-preview:-1" />
<link rel="canonical" href="https://cada-umontreal.com/?page_id=37" />
<meta property="og:locale" content="en_US" />
<meta property="og:type" content="article" />
<meta property="og:title" content="Lien ZOOM - CADA" />
<meta property="og:description" content="L&#8217;édition 2026 sera en mode hybride. Toutes les présentations seront disponibles sur Zoom, toujours avec le même lien à la même salle Zoom. Cliquez ici:LIEN ZOOMID de réunion : 876 3728 5935Code secret : 403778 Le colloque se déroulera aussi en présentiel dans la salle C-3061 du Pavillon Lionel-Groulx, Université de Montréal." />
<meta property="og:url" content="https://cada-umontreal.com/?page_id=37" />
<meta property="og:site_name" content="CADA" />
<meta property="article:modified_time" content="2026-02-25T01:42:44+00:00" />
<meta name="twitter:card" content="summary_large_image" />
<meta name="twitter:label1" content="Est. reading time" />
	<meta name="twitter:data1" content="1 minute" />
<script type="application/ld+json" class="yoast-schema-graph">{"@context":"https:\/\/schema.org","@graph":[{"@type":"WebPage","@id":"https:\/\/cada-umontreal.com\/?page_id=37","url":"https:\/\/cada-umontreal.com\/?page_id=37","name":"Lien ZOOM - CADA","isPartOf":{"@id":"https:\/\/cada-umontreal.com\/#website"},"datePublished":"2026-02-10T18:26:38+00:00","dateModified":"2026-02-25T01:42:44+00:00","breadcrumb":{"@id":"https:\/\/cada-umontreal.com\/?page_id=37#breadcrumb"},"inLanguage":"en-US","potentialAction":[{"@type":"ReadAction","target":["https:\/\/cada-umontreal.com\/?page_id=37"]}]},{"@type":"BreadcrumbList","@id":"https:\/\/cada-umontreal.com\/?page_id=37#breadcrumb","itemListElement":[{"@type":"ListItem","position":1,"name":"Accueil","item":"https:\/\/cada-umontreal.com\/"},{"@type":"ListItem","position":2,"name":"Lien ZOOM"}]},{"@type":"WebSite","@id":"https:\/\/cada-umontreal.com\/#website","url":"https:\/\/cada-umontreal.com\/","name":"CADA","description":"Le Colloque annuel du Département d’anthropologie de l’UdeM (CADA)","publisher":{"@id":"https:\/\/cada-umontreal.com\/#organization"},"potentialAction":[{"@type":"SearchAction","target":{"@type":"EntryPoint","urlTemplate":"https:\/\/cada-umontreal.com\/?s={search_term_string}"},"query-input":{"@type":"PropertyValueSpecification","valueRequired":true,"valueName":"search_term_string"}}],"inLanguage":"en-US"},{"@type":"Organization","@id":"https:\/\/cada-umontreal.com\/#organization","name":"CADA","url":"https:\/\/cada-umontreal.com\/","logo":{"@type":"ImageObject","inLanguage":"en-US","@id":"https:\/\/cada-umontreal.com\/#\/schema\/logo\/image\/","url":"https:\/\/cada-umontreal.com\/wp-content\/uploads\/2026\/02\/CADA-logo.png","contentUrl":"https:\/\/cada-umontreal.com\/wp-content\/uploads\/2026\/02\/CADA-logo.png","width":400,"height":400,"caption":"CADA"},"image":{"@id":"https:\/\/cada-umontreal.com\/#\/schema\/logo\/image\/"}}]}</script>
<!-- / Yoast SEO plugin. -->

L&#8217;édition 2026 sera en mode hybride. Toutes les présentations seront disponibles sur Zoom, toujours avec le même lien à la même salle Zoom. Cliquez ici:LIEN ZOOMID de réunion : 876 3728 5935Code secret : 403778 Le colloque se déroulera aussi en présentiel dans la salle C-3061 du Pavillon Lionel-Groulx, Université de Montréal.

Le Colloque annuel du Département d’anthropologie de l’UdeM (CADA)
