{"id":2,"date":"2024-11-19T16:47:33","date_gmt":"2024-11-19T16:47:33","guid":{"rendered":"https:\/\/cada-umontreal.com\/?page_id=2"},"modified":"2026-02-10T17:21:12","modified_gmt":"2026-02-10T17:21:12","slug":"sample-page","status":"publish","type":"page","link":"https:\/\/cada-umontreal.com\/?page_id=2","title":{"rendered":"\u00c0 propos du CADA"},"content":{"rendered":"\n<p class=\"is-style-text-annotation has-contrast-color has-text-color has-link-color has-medium-font-size wp-elements-be761bb6e10315bd878a70ff89d7c22d\">S\u2019inspirant des colloques du D\u00e9partement d\u2019anthropologie organis\u00e9s entre 1995 et 1998 par le professeur Norman Clermont, le Colloque Annuel du D\u00e9partement d\u2019Anthropologie (CADA) de l\u2019Universit\u00e9 de Montr\u00e9al a pour mission de favoriser le dialogue entre les diff\u00e9rentes approches et perspectives de l\u2019\u00e9tude de l\u2019humain.<\/p>\n\n\n\n<p class=\"is-style-text-annotation has-contrast-color has-text-color has-link-color has-medium-font-size wp-elements-b7d29ae2cb3fb81e2d2728cbadfe1ccf\">Chaque ann\u00e9e, cet \u00e9v\u00e8nement r\u00e9unit des \u00e9tudiant.e.s, professeur.e.s et chercheur.e.s issu.es des quatre sous-disciplines de l\u2019anthropologie et de domaines connexes. Cet espace d\u2019\u00e9change privil\u00e9gi\u00e9 permet de susciter des r\u00e9flexions interdisciplinaires autour d\u2019une th\u00e9matique commune et solidifie les liens entre ses quatre sous-disciplines.<\/p>\n\n\n\n<p class=\"is-style-text-subtitle\">L\u2019\u00e9dition 2026 se d\u00e9roulera du 17 au 19 mars 2026 et aura pour th\u00e8me l\u2019\u00c9MERGENCE. Son objectif est de pr\u00e9senter le travail d\u2019anthropologues venant des quatre sous-disciplines, qu\u2019elles ou ils viennent du d\u00e9partement d\u2019anthropologie de l\u2019UdeM ou d\u2019autres institutions. Les pr\u00e9sentations se feront en fran\u00e7ais et en anglais. Nous accueillerons \u00e9galement les pr\u00e9sentations de chercheurs de disciplines connexes \u00e0 l\u2019anthropologie dont le sujet correspond au th\u00e8me de cette ann\u00e9e.<\/p>\n\n\n\n<p><\/p>\n","protected":false},"excerpt":{"rendered":"<p>S\u2019inspirant des colloques du D\u00e9partement d\u2019anthropologie organis\u00e9s entre 1995 et 1998 par le professeur Norman Clermont, le Colloque Annuel du D\u00e9partement d\u2019Anthropologie (CADA) de l\u2019Universit\u00e9 de Montr\u00e9al a pour mission de favoriser le dialogue entre les diff\u00e9rentes approches et perspectives de l\u2019\u00e9tude de l\u2019humain. Chaque ann\u00e9e, cet \u00e9v\u00e8nement r\u00e9unit des \u00e9tudiant.e.s, professeur.e.s et chercheur.e.s issu.es [&hellip;]<\/p>\n","protected":false},"author":1,"featured_media":0,"parent":0,"menu_order":0,"comment_status":"closed","ping_status":"open","template":"","meta":{"footnotes":""},"class_list":["post-2","page","type-page","status-publish","hentry"],"yoast_head":"<!-- This site is optimized with the Yoast SEO plugin v27.4 - https:\/\/yoast.com\/product\/yoast-seo-wordpress\/ -->\n<title>\u00c0 propos du CADA - CADA<\/title>\n<meta name=\"robots\" content=\"index, follow, max-snippet:-1, max-image-preview:large, max-video-preview:-1\" \/>\n<link rel=\"canonical\" href=\"https:\/\/cada-umontreal.com\/?page_id=2\" \/>\n<meta property=\"og:locale\" content=\"en_US\" \/>\n<meta property=\"og:type\" content=\"article\" \/>\n<meta property=\"og:title\" content=\"\u00c0 propos du CADA - CADA\" \/>\n<meta property=\"og:description\" content=\"S\u2019inspirant des colloques du D\u00e9partement d\u2019anthropologie organis\u00e9s entre 1995 et 1998 par le professeur Norman Clermont, le Colloque Annuel du D\u00e9partement d\u2019Anthropologie (CADA) de l\u2019Universit\u00e9 de Montr\u00e9al a pour mission de favoriser le dialogue entre les diff\u00e9rentes approches et perspectives de l\u2019\u00e9tude de l\u2019humain. Chaque ann\u00e9e, cet \u00e9v\u00e8nement r\u00e9unit des \u00e9tudiant.e.s, professeur.e.s et chercheur.e.s issu.es [&hellip;]\" \/>\n<meta property=\"og:url\" content=\"https:\/\/cada-umontreal.com\/?page_id=2\" \/>\n<meta property=\"og:site_name\" content=\"CADA\" \/>\n<meta property=\"article:modified_time\" content=\"2026-02-10T17:21:12+00:00\" \/>\n<meta name=\"twitter:card\" content=\"summary_large_image\" \/>\n<meta name=\"twitter:label1\" content=\"Est. reading time\" \/>\n\t<meta name=\"twitter:data1\" content=\"1 minute\" \/>\n<script type=\"application\/ld+json\" class=\"yoast-schema-graph\">{\"@context\":\"https:\\\/\\\/schema.org\",\"@graph\":[{\"@type\":\"WebPage\",\"@id\":\"https:\\\/\\\/cada-umontreal.com\\\/?page_id=2\",\"url\":\"https:\\\/\\\/cada-umontreal.com\\\/?page_id=2\",\"name\":\"\u00c0 propos du CADA - CADA\",\"isPartOf\":{\"@id\":\"https:\\\/\\\/cada-umontreal.com\\\/#website\"},\"datePublished\":\"2024-11-19T16:47:33+00:00\",\"dateModified\":\"2026-02-10T17:21:12+00:00\",\"breadcrumb\":{\"@id\":\"https:\\\/\\\/cada-umontreal.com\\\/?page_id=2#breadcrumb\"},\"inLanguage\":\"en-US\",\"potentialAction\":[{\"@type\":\"ReadAction\",\"target\":[\"https:\\\/\\\/cada-umontreal.com\\\/?page_id=2\"]}]},{\"@type\":\"BreadcrumbList\",\"@id\":\"https:\\\/\\\/cada-umontreal.com\\\/?page_id=2#breadcrumb\",\"itemListElement\":[{\"@type\":\"ListItem\",\"position\":1,\"name\":\"Accueil\",\"item\":\"https:\\\/\\\/cada-umontreal.com\\\/\"},{\"@type\":\"ListItem\",\"position\":2,\"name\":\"\u00c0 propos du CADA\"}]},{\"@type\":\"WebSite\",\"@id\":\"https:\\\/\\\/cada-umontreal.com\\\/#website\",\"url\":\"https:\\\/\\\/cada-umontreal.com\\\/\",\"name\":\"CADA\",\"description\":\"Le Colloque annuel du D\u00e9partement d\u2019anthropologie de l\u2019UdeM (CADA)\",\"publisher\":{\"@id\":\"https:\\\/\\\/cada-umontreal.com\\\/#organization\"},\"potentialAction\":[{\"@type\":\"SearchAction\",\"target\":{\"@type\":\"EntryPoint\",\"urlTemplate\":\"https:\\\/\\\/cada-umontreal.com\\\/?s={search_term_string}\"},\"query-input\":{\"@type\":\"PropertyValueSpecification\",\"valueRequired\":true,\"valueName\":\"search_term_string\"}}],\"inLanguage\":\"en-US\"},{\"@type\":\"Organization\",\"@id\":\"https:\\\/\\\/cada-umontreal.com\\\/#organization\",\"name\":\"CADA\",\"url\":\"https:\\\/\\\/cada-umontreal.com\\\/\",\"logo\":{\"@type\":\"ImageObject\",\"inLanguage\":\"en-US\",\"@id\":\"https:\\\/\\\/cada-umontreal.com\\\/#\\\/schema\\\/logo\\\/image\\\/\",\"url\":\"https:\\\/\\\/cada-umontreal.com\\\/wp-content\\\/uploads\\\/2026\\\/02\\\/CADA-logo.png\",\"contentUrl\":\"https:\\\/\\\/cada-umontreal.com\\\/wp-content\\\/uploads\\\/2026\\\/02\\\/CADA-logo.png\",\"width\":400,\"height\":400,\"caption\":\"CADA\"},\"image\":{\"@id\":\"https:\\\/\\\/cada-umontreal.com\\\/#\\\/schema\\\/logo\\\/image\\\/\"}}]}<\/script>\n<!-- \/ Yoast SEO plugin. -->","yoast_head_json":{"title":"\u00c0 propos du CADA - CADA","robots":{"index":"index","follow":"follow","max-snippet":"max-snippet:-1","max-image-preview":"max-image-preview:large","max-video-preview":"max-video-preview:-1"},"canonical":"https:\/\/cada-umontreal.com\/?page_id=2","og_locale":"en_US","og_type":"article","og_title":"\u00c0 propos du CADA - CADA","og_description":"S\u2019inspirant des colloques du D\u00e9partement d\u2019anthropologie organis\u00e9s entre 1995 et 1998 par le professeur Norman Clermont, le Colloque Annuel du D\u00e9partement d\u2019Anthropologie (CADA) de l\u2019Universit\u00e9 de Montr\u00e9al a pour mission de favoriser le dialogue entre les diff\u00e9rentes approches et perspectives de l\u2019\u00e9tude de l\u2019humain. Chaque ann\u00e9e, cet \u00e9v\u00e8nement r\u00e9unit des \u00e9tudiant.e.s, professeur.e.s et chercheur.e.s issu.es [&hellip;]","og_url":"https:\/\/cada-umontreal.com\/?page_id=2","og_site_name":"CADA","article_modified_time":"2026-02-10T17:21:12+00:00","twitter_card":"summary_large_image","twitter_misc":{"Est. reading time":"1 minute"},"schema":{"@context":"https:\/\/schema.org","@graph":[{"@type":"WebPage","@id":"https:\/\/cada-umontreal.com\/?page_id=2","url":"https:\/\/cada-umontreal.com\/?page_id=2","name":"\u00c0 propos du CADA - CADA","isPartOf":{"@id":"https:\/\/cada-umontreal.com\/#website"},"datePublished":"2024-11-19T16:47:33+00:00","dateModified":"2026-02-10T17:21:12+00:00","breadcrumb":{"@id":"https:\/\/cada-umontreal.com\/?page_id=2#breadcrumb"},"inLanguage":"en-US","potentialAction":[{"@type":"ReadAction","target":["https:\/\/cada-umontreal.com\/?page_id=2"]}]},{"@type":"BreadcrumbList","@id":"https:\/\/cada-umontreal.com\/?page_id=2#breadcrumb","itemListElement":[{"@type":"ListItem","position":1,"name":"Accueil","item":"https:\/\/cada-umontreal.com\/"},{"@type":"ListItem","position":2,"name":"\u00c0 propos du CADA"}]},{"@type":"WebSite","@id":"https:\/\/cada-umontreal.com\/#website","url":"https:\/\/cada-umontreal.com\/","name":"CADA","description":"Le Colloque annuel du D\u00e9partement d\u2019anthropologie de l\u2019UdeM (CADA)","publisher":{"@id":"https:\/\/cada-umontreal.com\/#organization"},"potentialAction":[{"@type":"SearchAction","target":{"@type":"EntryPoint","urlTemplate":"https:\/\/cada-umontreal.com\/?s={search_term_string}"},"query-input":{"@type":"PropertyValueSpecification","valueRequired":true,"valueName":"search_term_string"}}],"inLanguage":"en-US"},{"@type":"Organization","@id":"https:\/\/cada-umontreal.com\/#organization","name":"CADA","url":"https:\/\/cada-umontreal.com\/","logo":{"@type":"ImageObject","inLanguage":"en-US","@id":"https:\/\/cada-umontreal.com\/#\/schema\/logo\/image\/","url":"https:\/\/cada-umontreal.com\/wp-content\/uploads\/2026\/02\/CADA-logo.png","contentUrl":"https:\/\/cada-umontreal.com\/wp-content\/uploads\/2026\/02\/CADA-logo.png","width":400,"height":400,"caption":"CADA"},"image":{"@id":"https:\/\/cada-umontreal.com\/#\/schema\/logo\/image\/"}}]}},"_links":{"self":[{"href":"https:\/\/cada-umontreal.com\/index.php?rest_route=\/wp\/v2\/pages\/2","targetHints":{"allow":["GET"]}}],"collection":[{"href":"https:\/\/cada-umontreal.com\/index.php?rest_route=\/wp\/v2\/pages"}],"about":[{"href":"https:\/\/cada-umontreal.com\/index.php?rest_route=\/wp\/v2\/types\/page"}],"author":[{"embeddable":true,"href":"https:\/\/cada-umontreal.com\/index.php?rest_route=\/wp\/v2\/users\/1"}],"replies":[{"embeddable":true,"href":"https:\/\/cada-umontreal.com\/index.php?rest_route=%2Fwp%2Fv2%2Fcomments&post=2"}],"version-history":[{"count":3,"href":"https:\/\/cada-umontreal.com\/index.php?rest_route=\/wp\/v2\/pages\/2\/revisions"}],"predecessor-version":[{"id":19,"href":"https:\/\/cada-umontreal.com\/index.php?rest_route=\/wp\/v2\/pages\/2\/revisions\/19"}],"wp:attachment":[{"href":"https:\/\/cada-umontreal.com\/index.php?rest_route=%2Fwp%2Fv2%2Fmedia&parent=2"}],"curies":[{"name":"wp","href":"https:\/\/api.w.org\/{rel}","templated":true}]}}